{"id":2,"date":"2025-08-02T15:00:00","date_gmt":"2025-08-02T13:00:00","guid":{"rendered":"http:\/\/barrierefreie-illustration.de\/?page_id=2"},"modified":"2025-08-02T16:12:15","modified_gmt":"2025-08-02T14:12:15","slug":"startseite","status":"publish","type":"page","link":"https:\/\/www.barrierefreie-illustration.de\/","title":{"rendered":"Startseite"},"content":{"rendered":"\n<h1 class=\"wp-block-heading\">Barrierefreie Illustration \u2013 verst\u00e4ndlich f\u00fcr alle<\/h1>\n\n\n\n<p>Illustrationen k\u00f6nnen Br\u00fccken bauen \u2013 oder Barrieren errichten. Diese Seite zeigt, worauf es ankommt, wenn Gestaltung m\u00f6glichst vielen Menschen zug\u00e4nglich sein soll.<\/p>\n\n\n\n<p>Hier findest du demn\u00e4chst praktische Hinweise und Impulse zu inhaltlichen, gestalterischen und technischen Aspekten rund um barrierearme und barrierefreie Illustrationen. Die Sammlung w\u00e4chst mit meinem Wissen \u2013 und soll auch dir beim Gestalten helfen.<\/p>\n\n\n\n<h2 class=\"wp-block-heading\">Hallo, ich bin Nina<\/h2>\n\n\n\n<p>Ich bin Illustratorin aus Hamburg und besch\u00e4ftige mich mit Barrierefreiheit in der visuellen Kommunikation. Ob Graphic Recording, Live-Zeichnen oder klassische Illustrationen \u2013 ich m\u00f6chte dazu beitragen, dass Visualisierungen m\u00f6glichst viele Menschen erreichen.<\/p>\n\n\n\n<p>\ud83d\udc49 <a href=\"https:\/\/nina-schumann.de\" data-type=\"link\" data-id=\"https:\/\/nina-schumann.de\" target=\"_blank\" rel=\"noreferrer noopener\">Zu meiner Website<\/a><\/p>\n","protected":false},"excerpt":{"rendered":"<p>Barrierefreie Illustration \u2013 verst\u00e4ndlich f\u00fcr alle Illustrationen k\u00f6nnen Br\u00fccken bauen \u2013 oder Barrieren errichten. Diese Seite zeigt, worauf es ankommt, wenn Gestaltung m\u00f6glichst vielen Menschen zug\u00e4nglich sein soll. Hier findest du demn\u00e4chst praktische Hinweise und Impulse zu inhaltlichen, gestalterischen und technischen Aspekten rund um barrierearme und barrierefreie Illustrationen. Die Sammlung w\u00e4chst mit meinem Wissen \u2013 [&hellip;]<\/p>\n","protected":false},"author":1,"featured_media":0,"parent":0,"menu_order":1,"comment_status":"closed","ping_status":"closed","template":"","meta":{"footnotes":""},"class_list":["post-2","page","type-page","status-publish","hentry"],"_links":{"self":[{"href":"https:\/\/www.barrierefreie-illustration.de\/index.php?rest_route=\/wp\/v2\/pages\/2","targetHints":{"allow":["GET"]}}],"collection":[{"href":"https:\/\/www.barrierefreie-illustration.de\/index.php?rest_route=\/wp\/v2\/pages"}],"about":[{"href":"https:\/\/www.barrierefreie-illustration.de\/index.php?rest_route=\/wp\/v2\/types\/page"}],"author":[{"embeddable":true,"href":"https:\/\/www.barrierefreie-illustration.de\/index.php?rest_route=\/wp\/v2\/users\/1"}],"replies":[{"embeddable":true,"href":"https:\/\/www.barrierefreie-illustration.de\/index.php?rest_route=%2Fwp%2Fv2%2Fcomments&post=2"}],"version-history":[{"count":2,"href":"https:\/\/www.barrierefreie-illustration.de\/index.php?rest_route=\/wp\/v2\/pages\/2\/revisions"}],"predecessor-version":[{"id":14,"href":"https:\/\/www.barrierefreie-illustration.de\/index.php?rest_route=\/wp\/v2\/pages\/2\/revisions\/14"}],"wp:attachment":[{"href":"https:\/\/www.barrierefreie-illustration.de\/index.php?rest_route=%2Fwp%2Fv2%2Fmedia&parent=2"}],"curies":[{"name":"wp","href":"https:\/\/api.w.org\/{rel}","templated":true}]}}